e remainder when 282 is divided by (z*(-3)/60)/(4/(-1136))?
69
Suppose -8*p = -4*p + 59*p - 441. Let z(t) = -t**3 - t**2 + 4. Suppose 0 = -y - 4 - 0. Calculate the remainder when z(y) is divided by p.
3
Let g(w) = 2*w + 26. Suppose -2*k + 5*j = -4, -3*k - j - 20 = -2*j. What is the remainder when g(k) is divided by -1 - 0 - (4 + -8)?
1
Suppose 4*o - 8 = m, 2*m = 4*m + 4*o - 32. Suppose -m - 727 = -15*i. Suppose 5*l - 57 + 7 = 0. What is the remainder when i is divided by l?
9
Let z = 16261 - 16238. What is the remainder when 199 is divided by z?
15
What is the remainder when 11192 is divided by (35/(-45))/1*-27?
20
Suppose 127*h = -k + 128*h + 22, 4*k - h = 67. Let q(s) = 130*s + 1. What is the remainder when q(1) is divided by k?
11
Suppose -f + 3 = -r, -5*f + 16 + 13 = 2*r. Let m(j) = 51*j + 1021. What is the remainder when m(-19) is divided by f?
2
Suppose -2*r + 8 = 0, l - 3*l = -3*r - 138. Let w = 2412 - 2393. What is the remainder when l is divided by w?
18
Suppose 5 = -5*m, -3*x + 0*m = -2*m - 68. Suppose 34 = -3*d - 17. Let j = d + x. Calculate the remainder when 28 is divided by j.
3
Let a(l) = l**3 + l**2 + l + 60. What is the remainder when 353 - -3*(-5 + 7) is divided by a(0)?
59
Let b = 3832 - 3814. What is the remainder when 6351 is divided by b?
15
Suppose -2*z + 6*z = h - 26, 0 = 3*h - 3*z - 114. Let o = h - 40. Suppose -o*f + 10 = -4*t, -t = 3*t. What is the remainder when 10 is divided by f?
0
Let o = -7459 + 7519. Let t(g) = -g**3 + 10*g**2 + 6*g + 2. What is the remainder when t(8) is divided by o?
58
Let w(f) = -f**3 - 20*f**2 - 94*f - 22. Calculate the remainder when 1271 is divided by w(-13).
13
Suppose w - 5*f = 1, f = 5*w + 4*f - 33. What is the remainder when 79 + (w - (-20)/(-4)) is divided by 12?
8
Let d(c) = c**3 - 2*c**2 - 14*c + 14. Let i(j) = -j**2 + 41. Let z be i(6). Calculate the remainder when 54 is divided by d(z).
16
Suppose g - 2*g = 2*u + 1, 0 = -3*u - 4*g + 11. Calculate the remainder when (-5)/(10/(-344)) + (u - -4) is divided by 11.
8
Let v(h) = -2 + 9*h + 4 - 6 - 1. Let c be v(3). Let p = c + 7. What is the remainder when p is divided by 8?
5
Suppose -b = -3*q - 2*q + 1452, 5*q + 5*b = 1440. Let h = q - 250. Calculate the remainder when 79 is divided by h.
39
Let x(g) = 29*g - 10. Let z(p) = -19*p + 7. Let a(r) = -5*x(r) - 8*z(r). Let y be a(3). Let u = 21 - y. What is the remainder when u is divided by 3?
0
Suppose 0 = 2*l - 5*m - 41, -l + 5 = m - 19. Let n be (13/(-4))/(1/4). Let u = 0 - n. Calculate the remainder when l is divided by u.
10
Let a(c) = -c**3 - 9*c**2 - 3*c - 9. Let q = 9 + -18. Let z(i) = -10*i**2 + 103*i + 833. What is the remainder when z(-5) is divided by a(q)?
14
Let y = 101 + -23. What is the remainder when 7/1*y/21 is divided by 6?
2
Let l = -14376 + 14455. Calculate the remainder when 268 is divided by l.
31
Suppose 3*d = -4*c + 382, 16*c - 546 = -4*d + 18*c. Suppose 4*o - 153 + 26 = -x, -3*o - d = -x. What is the remainder when x is divided by 22?
21
What is the remainder when 68 + 11/(110/30) is divided by 20?
11
Let c(k) = 2*k**2 + 17*k + 67. Let n be c(-10). Let m = n - 80. What is the remainder when m is divided by 7?
3
Suppose 43 = 3*i + 2*v, 45*i - 41*i - 5*v = 111. Calculate the remainder when i is divided by (19 + 1)*(-4)/(-5).
3
Let f = 150 - -1362. Suppose -21*b = -0*b - f. Calculate the remainder when b is divided by 15.
12
Suppose -23*v + 369 = -20*v. Let b(h) = -21*h - 15. Let g(f) = -11*f - 7. Let y(w) = -2*b(w) + 5*g(w). What is the remainder when v is divided by y(-2)?
18
Let j(t) = -t**2 + 10*t + 4. Let h be j(10). Suppose 2*l + h*s - 132 = 584, 4*s - 1784 = -5*l. Calculate the remainder when l is divided by 40.
36
Let u = -6584 - -7605. Calculate the remainder when u is divided by 8.
5
Let k = 572 - -840. What is the remainder when k is divided by 701?
10
Let o be (-8)/(-24) - (2/6 - 0). Suppose o = 4*d + p - 318, 3*d + p = 200 + 39. Calculate the remainder when d is divided by (16/7)/(18/63).
7
Let c(p) = 17*p**2 + 91*p - 175. Calculate the remainder when 12297 is divided by c(2).
72
Suppose r = -4*j + 15, 0 = 4*r - 1 - 11. Suppose 2*x + 0*x - 51 = -5*o, 3*x = j*o + 87. What is the remainder when x is divided by 3?
1
Let f be 1 + 40/140 + 9/(-7). Suppose f = -4*b + 225 + 39. Calculate the remainder when b is divided by ((-5)/4)/((-1)/28).
31
Suppose 0 = -2*p - p + 474. Let d(t) = -9*t - 61. Let j be d(-7). Calculate the remainder when p is divided by j*6*140/42.
38
Suppose 60 + 28 = 11*v. Suppose 14*z - 132 = v*z. What is the remainder when z is divided by 13?
9
Let j(r) = 3*r**3 + 2*r**2 + 10*r - 21. Calculate the remainder when 314 is divided by j(2).
4
Let h(k) = 6*k**2 - 87*k + 410. What is the remainder when 4748 is divided by h(5)?
123
Suppose 0 = 4*n + 97 - 141. Calculate the remainder when 11316 is divided by n.
8
Let u(t) = 8*t - 37. Let d be u(5). What is the remainder when (490/21)/((-2)/(-36)*d) is divided by 13?
10
Let l = 121 - 40. Let x = 25117 + -25089. Calculate the remainder when l is divided by x.
25
Let o = 24982 - 24709. Calculate the remainder when o is divided by 78.
39
Suppose -3*h + 4*d + 9 + 23 = 0, 2*h + 12 = -4*d. Suppose -h*o = 7*o - 1243. What is the remainder when o is divided by 5?
3
Suppose -306638 - 467854 - 629238 = -90*j. Calculate the remainder when j is divided by 65.
62
Let u(d) = 18*d + 210. Let b be u(-10). Suppose -b*f + 26*f = -156. Calculate the remainder when 545 is divided by f.
38
Suppose -2*s = -3*r - 1277, 2*r - 118 = -3*s + 1804. Let t = s + -617. What is the remainder when 112 is divided by t?
20
Let o = 122 - 47. Let t(v) = 2*v**2 + 33*v + 89. Let g be t(0). Let r = g - o. What is the remainder when 124 is divided by r?
12
Let b(d) = 2365*d**2 + 588*d + 1777. What is the remainder when b(-3) is divided by 15?
13
Suppose 5616 + 1296 = 64*s. Calculate the remainder when s is divided by 31.
15
Suppose -f - 9*f = -50. Suppose -22*z - f*s - 1020 = -27*z, -3*s = -2*z + 403. What is the remainder when z is divided by 42?
41
Suppose 19*q - 23*q + 16 = 0. Suppose -q*y + 128 = 52. Calculate the remainder when y is divided by 9.
1
Let t(u) = -44*u - 15. Let z be t(-3). What is the remainder when (z/18)/(2/68) is divided by 32?
29
Suppose 5*k = 4*k + 9. Let v = 1 + k. Suppose -5*f = 2*s - 71 - 11, -4*f = 4*s - 56. What is the remainder when f is divided by v?
8
Suppose 29*u = 23*u - 30. What is the remainder when 6*(-58)/u - 3/5 is divided by 16?
5
Let o = 19736 + -19734. Calculate the remainder when 1591 is divided by o.
1
Suppose 31 = 3*z + 4*u - 526, -741 = -4*z - 5*u. Suppose 156 = 5*h + 3*w, z = 4*h - w + 61. What is the remainder when 110 is divided by h?
20
Suppose -9*a - 28 = -16*a. Let g be 0*a/(-20)*-1. Suppose 9*k - 11*k + 8 = g. Calculate the remainder when 15 is divided by k.
3
Let n(z) = -81*z**3 - 3*z**2 + 28*z + 31. What is the remainder when n(-1) is divided by 11?
4
Suppose 0 = 6613*q - 6620*q + 6573. What is the remainder when q is divided by 86?
79
Suppose -88*d + 85*d = -99. Suppose 0*f - f = -2*v + 35, 0 = 3*f + 4*v + 55. Let w = -6 - f. What is the remainder when d is divided by w?
14
Let i = 7421 + -7411. Calculate the remainder when 16189 is divided by i.
9
Suppose 4*x - 21*x = -442. Calculate the remainder when 3788 is divided by x.
18
Suppose 144*v + 5*v - 998 = 194. Calculate the remainder when 471 is divided by v.
7
Suppose -134*a - 116 = -136*a. Suppose -3*g = -5*d - 49, -2*g - 5*d = 28 - 69. Calculate the remainder when a is divided by g.
4
What is the remainder when 2701 is divided by 209 - (23 + (-25 - -18))?
192
Suppose 0 = -58*o + 35*o + 56741. What is the remainder when o is divided by 65?
62
Calculate the remainder when (-7 + 8)*(4/(-8))/(2/(-3868)) is divided by 237.
19
Let a = 2 - -15. Calculate the remainder when 118 is divided by a.
16
Suppose 3*v - 2*q - 2 - 6 = 0, -2*v + 1 = 3*q. Let f = v + 8. Let r(u) = -u**2 + 34*u + 7. Calculate the remainder when f is divided by r(34).
3
Let k = -4 - -6. Let c = 2321 - 2053. Suppose -3*b + 52 = -k*b + 2*r, 2*r - c = -5*b. What is the remainder when b is divided by 28?
26
Suppose -2*a - 19 = -5*d, -3*a = d - 20 + 6. Let v = 6 - -24. What is the remainder when v is divided by (d - -1)*30/20?
3
Let r(o) = 12*o**2 - 204*o - 3140. What 